r when h(-10) is divided by v?
13
Suppose x + 0*x - 18 = p, -x - 3*p + 2 = 0. Let t(h) = -3*h**2 - 3*h + 1. Let s be t(1). Calculate the remainder when 24 - ((-3 - -12) + s) is divided by x.
6
Suppose -8*u = -0 + 16. Let h(g) = -5*g**3 - 3*g**2 + g. Calculate the remainder when h(u) is divided by 10.
6
Let j(k) = 2*k + 46. Suppose 20 = 34*w - 150. Calculate the remainder when 209 is divided by j(w).
41
Suppose 56*o = 51*o. Suppose -m + o + 13 = 0. Suppose -4*p + 2*z + 32 = -2*z, -3*p + 5*z + 26 = 0. Calculate the remainder when m is divided by p.
6
Suppose 11*l + 286 = 22*l. What is the remainder when 70/(-105)*3*-23 is divided by l?
20
What is the remainder when ((-8832)/(-80))/(15 - (-864)/(-60)) is divided by 35 - 1/(-3)*-3?
14
Suppose 4 = 4*n - c, 2*c = 2 - 10. Suppose n = 5*q - 0*z + 2*z - 322, -z = -3*q + 202. Calculate the remainder when q is divided by (-8 + 7)/((-2)/48).
18
Let o(w) = -41*w + 1 - 2*w**2 + w**2 + 6*w**2 - 7*w**2. What is the remainder when 231 is divided by o(-19)?
57
Suppose -387*s + 400*s - 585 = 0. What is the remainder when 218 is divided by s?
38
Suppose 29 - 68 = -13*q. Suppose -2*x + 83 = -5*i - 22, 253 = 5*x - q*i. What is the remainder when x is divided by 43?
7
Suppose -g - 2*s = -33, -s = -5*g + 232 - 34. Calculate the remainder when 2757 is divided by g.
27
Suppose -15 = 54*v - 59*v, 4*v + 1862 = 2*b. Calculate the remainder when b is divided by 238.
223
Calculate the remainder when (-8)/48 + (-12)/54*6393/(-4) is divided by 32.
3
What is the remainder when 273 is divided by ((-138)/48*-6)/(4/32)?
135
Let g = 163 - 88. Suppose -1540 = 3*v + 200. Let x = v - -606. What is the remainder when g is divided by x?
23
Let o(d) = 4*d**2 + 11*d + 20. Suppose 19*z = -9*z - 56. Calculate the remainder when 110 is divided by o(z).
12
Calculate the remainder when 142 is divided by 1/3 - 308/(-3) - 312/78.
43
Suppose -g - 38*g + 10742 = 2*g. What is the remainder when g is divided by 53?
50
Suppose -5547 = -157*d + 7794 + 8639. Calculate the remainder when 219 is divided by d.
79
Suppose -5*v = 4*h - 468, -3*h - 3*v + 344 = -v. Suppose 6*j + 220 = 4*j. Let o = j + h. What is the remainder when 5 is divided by o?
1
Let q = 35824 + -35773. Let n(a) = 2*a**3 - 4*a**2 + a - 7. Calculate the remainder when n(5) is divided by q.
46
Suppose 22*n - 24*n - c + 4479 = 0, -5*n = 5*c - 11205. What is the remainder when n is divided by 70?
68
Suppose 0 = 89*b - 91*b. Suppose -4*j - 100 = -3*c, 32 = c - b*j - j. Suppose -21 = -o + 3*w, 17 = 5*o + w - 8. What is the remainder when c is divided by o?
4
Suppose -15*h + 5044 + 3836 = 0. Calculate the remainder when h is divided by 192.
16
Let h = -297 - -302. Suppose 4*y = q + 355, 0 = -h*y + 2*q + 379 + 67. What is the remainder when y is divided by 25?
13
Let j = 16 - 16. Suppose j = -4*u - 22 + 66. Let o = 46 - 28. Calculate the remainder when o is divided by u.
7
Suppose 0 = -12*l + 11*l - 5*w - 25, -3*w = -l + 23. What is the remainder when 194 is divided by l?
4
Let f = -33 + 54. Suppose n + 15 = -0*n. Let p = 159 + n. What is the remainder when p is divided by f?
18
Let i(y) = 19*y - 18. Calculate the remainder when 15810/(-62)*1/(-3) is divided by i(3).
7
Let a be 3/4*2520/(-18). Let h = 117 + a. Calculate the remainder when 227 is divided by h.
11
Let t = 4358 - 3338. What is the remainder when t is divided by 510?
0
Let v(i) = -56*i - 1865. What is the remainder when v(-49) is divided by 91?
60
Suppose -35*t + 90*t = 2530. What is the remainder when 500 is divided by t?
40
Suppose 6*v - 1 = 9*v - 5*n, -3 = 4*v - 5*n. Calculate the remainder when 8 is divided by ((-1)/v)/(9/(53 + 1)).
2
Suppose 5*c = -5*w + 6*c + 30, 3*w = 2*c + 11. Suppose w*h - 31 = 6*h. Calculate the remainder when 57 is divided by h.
26
Let c = 19403 - 19297. What is the remainder when 395 is divided by c?
77
Let d = 16289 - 15975. Calculate the remainder when d is divided by 48.
26
Suppose 7*o = -158 + 480. Suppose g + 1 = 3, -z = -2*g. Suppose -93 = -z*q - 25. Calculate the remainder when o is divided by q.
12
Let o = -16507 - -16520. Calculate the remainder when 192 is divided by o.
10
Suppose 0 = -u - 2*b + 96, -6*b - 377 = -4*u - 7*b. Suppose w = -w + 6. Suppose -w*r + 14 = -22. Calculate the remainder when u is divided by r.
10
Suppose -2*p + 520 = -2*j, 2*j - 27 + 33 = 0. What is the remainder when p is divided by 132?
125
Let q = 1080 - -2134. Calculate the remainder when q is divided by 16.
14
Suppose 0 = -11*n - 16*n + 405. Calculate the remainder when 269 is divided by n.
14
Let d(o) = -o**3 + 7*o**2 + 28*o - 91. Calculate the remainder when 19862 is divided by d(3).
26
Let o(a) = 18*a + 763. Calculate the remainder when 449 is divided by o(-36).
104
Calculate the remainder when 29 is divided by (-40)/(-24) - (-12)/(-18)*(2 - 1).
0
Let s be (-144)/(-120) - (-32)/(-10). Calculate the remainder when 1*(s + 0)*(-125)/2 is divided by 43.
39
Let w = 20 + -34. Let h be 4/w - (-3)/(-42)*-74. Suppose -56 = h*c - 371. Calculate the remainder when c is divided by 13.
11
Let g(c) = -5*c**3 - 12*c**2 + 4*c + 9. Calculate the remainder when g(-5) is divided by 74.
18
Let p(t) = 3*t + 19. Let i be (-106)/2 + (-12)/(3 + -9). Let h = i - -53. Calculate the remainder when h is divided by p(-6).
0
Let f = -1016 + 1169. Calculate the remainder when f is divided by 148.
5
Let q = 285 - 1137. Let m be q/(-42) - (2 - 24/14). Suppose 2*h - m - 10 = 0. What is the remainder when 57 is divided by h?
12
Suppose 25*k - 1826 = 399. Let v(m) = -m + 24. What is the remainder when k is divided by v(14)?
9
Suppose 0 = -3*o - 15, -s - 328 = 3*o - 436. What is the remainder when 137 is divided by s?
14
Let t = -8 + 20. Suppose -61*m + 4905 = -1256. What is the remainder when m is divided by t?
5
Suppose 74 = -2*u + 2*k, k + 4*k - 68 = 2*u. Let y = -1242 + 1247. Let r = y - u. Calculate the remainder when 85 is divided by r.
41
Let d = 86 - 35. Let c(p) = -1081*p + 2186. What is the remainder when d/4*24/9 is divided by c(2)?
10
Suppose -31*d - 34*d = -67*d + 266. Calculate the remainder when d is divided by 68.
65
Suppose 2*i - n - 141 = 0, 0 = 2*i - 6*n + 2*n - 132. Suppose 2*v - i = 168. Suppose -2*o = -8*o + v. Calculate the remainder when o is divided by 7.
6
Let o(c) = -c**3 + 13*c**2 + 6*c + 134. Let v(j) = -j**3 + j**2 + 372. What is the remainder when v(0) is divided by o(14)?
20
Let g(k) = -7*k**2 + 37*k - 4. Let t(q) = -q**2 + q. Let p(c) = -g(c) - 3*t(c). Calculate the remainder when p(5) is divided by 46.
8
Let v(p) = -p - 6. Let b be v(-48). What is the remainder when 54 is divided by b/4*104/39?
26
Let b = 3572 + -3473. What is the remainder when 1282 is divided by b?
94
Suppose 4*z - 6*t = -2*t - 8, 3*z - 4 = t. Suppose 0 = -4*c - 4*h + 26 + 10, -z*c + 4*h - 8 = 0. Calculate the remainder when c is divided by 3 - (-2 + 2 + 0).
1
Let i = 277 + -212. Suppose 433 + i = 6*f. Let x = 0 - -28. What is the remainder when f is divided by x?
27
Suppose 4*g + 2*o = 9*g - 28, -3*o = 5*g - 8. Suppose 10*k - 2*v = 9*k + 79, v = g*k - 309. What is the remainder when k is divided by 4?
1
Suppose -4*r - 301*p = -299*p - 16100, -4*p + 12055 = 3*r. Calculate the remainder when r is divided by 62.
61
Let f = -12444 - -12478. Calculate the remainder when f is divided by 16.
2
Suppose -36 = -2*s - 4*q, 3*q = s + 4*s - 103. Suppose 0 = 9*g - 84 + 30. Calculate the remainder when ((-776)/16)/((-3)/g) is divided by s.
17
Let w = 6555 + -5870. Calculate the remainder when w is divided by 169.
9
Suppose -2*h = 10, 4*h - 3*h - 79 = -3*b. Let x = -8 + 40. Let s = -22 + x. What is the remainder when b is divided by s?
8
Let s be (7/2)/((-3)/2 + 2). Let b(x) = x**3 - 8*x**2 - 7*x + 11. Let c be b(s). Let k = c - -102. What is the remainder when 25 is divided by k?
10
Let x be (10341/18 + -2)*-2. Let l = x - -1168. Suppose -3*k + g + 204 = 0, 0 = 5*k + 3*g + 131 - 471. Calculate the remainder when k is divided by l.
22
What is the remainder when 1959 - -52*7/(-28) is divided by 22?
10
Let p = -2771 + 3002. Calculate the remainder when p is divided by 92.
47
Let v(g) = 2*g**2 + 30*g - 30. Let n be v(-16). What is the remainder when 6/n + (3 - -817)/4 is divided by 30?
28
Suppose 4*j + 2200*b - 366 = 2202*b, -4*b - 36 = 0. Calculate the remaind